9 + 82. Let x = o + a. Is x a composite number?
False
Suppose a = -5*i - a - 2097, 1672 = -4*i - 3*a. Let j = 600 + i. Is j a prime number?
True
Let n be 15/(-20) + 21/12. Is n*(-4 - (2 + -3133)) a composite number?
True
Let j be (-1 + 2)*-4 - -6. Suppose 3*t - 2*l - 14 = 0, 4*t + j*l + 2 = 30. Suppose 4*q = t*q - 38. Is q a prime number?
True
Let n(c) = -2*c**2 - 32*c - 24. Let z be n(-15). Suppose 6*t = -z*t + 8628. Is t prime?
True
Let y(v) = 12867*v**2 + 303*v - 919. Is y(3) prime?
True
Let l = -8 - -13. Suppose 0 = -8*a + 190 - 182. Suppose 2*p - a - 1 = 0, l*p = -4*q + 217. Is q prime?
True
Let i be 8/6*30/20. Let h be (0 - -2)*(i - 33/(-6)). Is 3/(-9) + 2450/h prime?
True
Let j be 338954/(-286) + 2/13. Is (-8)/(-2) + j/(-1) a composite number?
True
Let v(m) = -86*m - 31. Let t be v(-9). Let g = -172 + t. Let d = -348 + g. Is d prime?
True
Let d be (-95)/(-15)*1/((-2)/(-6)). Let r(k) = 33*k - 6 + d*k - 45*k. Is r(9) a composite number?
True
Is (519748/(-6))/(272/(-408)) a prime number?
True
Let i be (12/(-102) - 2/(-17))/(-5). Suppose 13*z - z - 2532 = i. Is z a prime number?
True
Let f(v) = 144*v**2 + 2*v - 23. Let k(j) = 287*j**2 + 4*j - 47. Let b(l) = 7*f(l) - 3*k(l). Let i be b(-6). Suppose -11*x = -x - i. Is x composite?
True
Let n(p) = -22*p - 32. Suppose -2*z = 19 - 5. Is n(z) prime?
False
Let p(q) = q**2 + q + 1074. Let g be p(0). Let x = 1489 + -2228. Let c = g + x. Is c a composite number?
True
Let i = 19690 - 17509. Is i a prime number?
False
Suppose 5*i = -1518 - 202. Is (-33)/(-3)*(-7 - i) a composite number?
True
Suppose 58*n - 53*n - 150 = 0. Suppose -n*k + 42 = -32*k. Is (-26446)/k*6/4 prime?
True
Is (10/(50/55) + -12)*(0 + -151717) composite?
False
Let p(w) = w**3 + 41*w**2 - 35*w + 380. Is p(-37) composite?
False
Let x = 753 - 415. Let v = x + 1205. Is v prime?
True
Let y(u) = u**3 + 3*u**2 - u - 3. Let o be y(-2). Suppose 2*c + 6*z + 16 = 2*z, 0 = 3*c + o*z + 12. Suppose 3*a - 1027 + 148 = c. Is a a prime number?
True
Suppose -3785974 = -33*w + 7*w + 8230732. Is w composite?
False
Let w(u) be the second derivative of -u**5/10 - 3*u**4/4 + 9*u**3/2 + 37*u**2/2 + 127*u. Is w(-14) composite?
True
Let t(h) = 3079*h**2 - 129*h + 1579. Is t(12) composite?
False
Is (-6 - (-1 - 0))*(-33159)/15 prime?
False
Let x(z) be the first derivative of 16*z**2 - 17*z - 5. Suppose 19*r + 24 = 22*r. Is x(r) composite?
False
Suppose 43*r - 42*r - 715214 = 7*o, 4*r + 5*o - 2860823 = 0. Is r composite?
True
Suppose 16*x = -5*x + 10979014 + 11790593. Is x a prime number?
True
Suppose -65382 = 1496*t - 1502*t. Is t composite?
True
Suppose 0 = -g + q + 35883, -2*g = 30*q - 33*q - 71770. Is g composite?
False
Suppose 5*n = 10*x - 7*x + 15, -2*n + 3*x + 6 = 0. Suppose -5*b + n*b = -w - 10159, -b = -5*w - 5084. Is b composite?
True
Is 7 - ((-935970)/50 - (-6 + 99/15)) composite?
True
Let p = -57 + 60. Let k(d) = 180*d**2 + 7*d - 4. Is k(p) a prime number?
True
Let f(s) = -s**3 - 40*s**2 - 48*s + 50. Suppose w + 3*d = -52, -2*w = 3*d + 100 - 5. Is f(w) a prime number?
False
Let w(v) = -v + 1. Let z(k) = k**2 - 9*k + 20. Let j(b) = 6*w(b) + z(b). Let f be j(13). Suppose -270 = 3*h - 5*h + 4*p, -h - 3*p + 160 = f. Is h composite?
True
Is 2 + 36/(-19) - (-242992332)/2508 a composite number?
True
Suppose 7 = 5*g - 8. Let l be 6 + g*1/(-1). Suppose -l*s = 5*s - 14888. Is s a prime number?
True
Let x be -6*1*2/(-8)*-4. Is 1 - (-3408 - -5) - x/2 a prime number?
True
Is (-9)/(-15)*10400965/93 composite?
False
Let s be 45/9 + (1 + 5)/(-2). Suppose -2 - s = 2*r - 4*a, 3*r - a = 9. Suppose -v + 4*o + 1014 = 9*o, r*o + 1059 = v. Is v a prime number?
True
Suppose -8*o + 36 = o. Is ((22/6)/1 - o)*-12795 prime?
False
Let g(q) = -5*q**2 - 14*q - 14. Let s be g(-1). Let i(u) = -407*u**3 - u**2 + 3*u - 2. Is i(s) a prime number?
True
Let w(n) = -13*n**2 + 5*n + 5*n**2 + 4 - 15 - n**3. Let s = 156 - 165. Is w(s) a composite number?
True
Let k = 802 - 766. Suppose 189035 + 217081 = k*i. Is i a prime number?
False
Suppose -5*n - 10245 = p - 462812, -4*n - 2*p = -362056. Suppose n = -2*w + 11*w. Is w a prime number?
False
Suppose b = -3*g + 11, -2*b + g = -3*b + 5. Suppose b*q + 12*q = 35826. Is q composite?
True
Suppose 948*p = 458*p + 460*p + 4080270. Is p prime?
False
Let r be (287/21)/((-1)/(-15)). Suppose -n + r = n + i, n = -i + 103. Let q = n - 35. Is q a composite number?
False
Suppose 0 = -7*x - 141369 + 12639. Let k = x + 30638. Suppose 5*t + 4883 = 2*w, -t + k = -0*w + 5*w. Is w composite?
True
Let l(n) = -44*n**2 - 14*n + 63. Let o be l(6). Let x = 256 - o. Is x a prime number?
True
Suppose -h - 3 = 2*b - 2*h, -4*h = 5*b - 12. Suppose 2*t - 38893 = -2*t - p, 2*t + p - 19449 = b. Is t prime?
False
Suppose 45041 + 27907 = 6*p. Is p a composite number?
True
Suppose 2 = -i + 18. Suppose 3*h = -w - 10 + 23, 0 = -2*w - h + i. Suppose -w*f - 18965 = -12*f. Is f a composite number?
False
Let z = -2 + -2. Suppose 12*c - 16*c = -908. Let l = z + c. Is l composite?
False
Suppose 5*a = -v - 21, a + 2*v + v = -7. Let j be (-1 + 4)/((a/(-2))/2). Suppose j*u - 5*z - 128 = 453, -5*u + 1020 = 2*z. Is u a prime number?
False
Let b = 1622 + -115. Suppose 4*r - b = 16969. Is r a prime number?
False
Let d = -10040 + 18268. Suppose -8*i + 15539 = 4395. Suppose -9*y + i + d = 0. Is y a composite number?
False
Let s(h) = -2*h**2 + 3*h**3 + 23 + 6*h - 5 - 15. Is s(4) a composite number?
True
Suppose 20*b = 23*b + 3. Is 2765/79 + (b - 0) a composite number?
True
Let s = -971 + 2239. Let z = s + -895. Is z a prime number?
True
Let w(o) = 113*o**2 - 2*o - 3. Let z be w(3). Let a = z - 499. Is a prime?
True
Suppose -5*c - 1 = -76. Suppose -5*t - 21 + 6 = -n, c = -4*n + 5*t. Is (-44376)/(-20) - 2/n a composite number?
True
Suppose 5*a + 0*q - 62 = -2*q, -q = -4*a + 47. Let w be ((-9)/4)/((33/a)/11). Is (2/(-4))/(w/5526) a composite number?
False
Let u be -527 + (-2)/(-1 + 3). Let m(p) = -53*p + 315. Let x be m(-8). Let t = x + u. Is t a prime number?
True
Suppose 34*l = 38*l - 37264. Suppose -1074 = -2*n + l. Is n a prime number?
False
Let q = 17959 - -5382. Is q a prime number?
False
Let j(r) be the second derivative of r**5/20 + 13*r**4/12 - 7*r**3/6 + 3*r**2/2 + r. Suppose -13*g - 157 = -27. Is j(g) a composite number?
False
Let z(c) = -c**3 + 71*c**2 + 17*c + 431. Is z(70) composite?
False
Let q(h) = h + 2. Suppose 0 = 2*b + 5 + 3. Let y be q(b). Is 53/(3/y - -2) a prime number?
False
Suppose -5*s = -5*v - 13065, 25*s - 5*v = 29*s - 10407. Is 3 + s - (-14 - -16) prime?
True
Let q(h) be the second derivative of h**4/6 + 5*h**3/6 - 5*h**2 - 28*h. Let m be q(-6). Suppose -36*x = -m*x - 19444. Is x a composite number?
False
Is -16*(-18)/864*191379 a prime number?
True
Let u = -26 + 14. Let s(k) = -15*k + 19 + 2*k + 12*k. Is s(u) a prime number?
True
Let k = 4992 - -54221. Suppose -2824 = 31*w - k. Is w a prime number?
False
Let r = -193442 + 390075. Is r a prime number?
False
Let f be (34/(-85))/(2/520) - 1. Is (f/(-70))/(6/44740) a prime number?
False
Is ((-15)/90 - 14/(-12))*(-6 - -5267) prime?
True
Suppose -288*d + 56831099 - 84822916 = -598107689. Is d a prime number?
False
Suppose 3160 = -4*w + u, 0 = -w + 4*w + u + 2363. Let c(o) = o**3 - 36*o**2 + 87*o + 116. Let s be c(33). Let f = s - w. Is f a composite number?
False
Is 1/(-4) + 3140662/56 composite?
True
Suppose 0 = 82*q - 79*q - 130593. Is q a prime number?
False
Let p be 69*3/9 - (3 - 1). Suppose -p*a - 3*a = -66216. Is a composite?
True
Let l be (15550 + 1)*(-2 - (-24)/8). Let q = l - 8556. Is q a composite number?
True
Let r(u) = -99*u**2 - 10*u + 64. Let m(x) = -100*x**2 - 8*x + 65. Let v(j) = 3*m(j) - 4*r(j). Is v(8) a prime number?
True
Let u(s) = -s**3 + s**2 + 4*s. Let g be u(3). Is 14/((-126)/(-27))*(-2062)/g a composite number?
False
Let m be ((-5)/(-5))/3 - (-50)/(-6). Is (m/(-4))/(2/2419) a composite number?
True
Suppose 38*h - 34*h = 2284. Let v = h - 394. Is (v/(-12))/((-5)/100) a prime number?
False
Let q(f) = 3*f**2 - 8 - 14 + 7 + 2*f - f**2. Let m be q(-6). Is (-3777)/(-2)*(-5)/(m/(-42)) a composite number?
True
Is (1*(-1 + 5 + -5))/(9/(-1976823)) composite?
False
Let n(p) = p**3 + 10*p**2 + 20*p + 38. Let b be n(-8). Suppose -b*i + 65461 = -51965. Is i a composite number?
False
Let c(a) = 29*a - 24. Let 